{"id":3040,"date":"2024-02-20T04:51:36","date_gmt":"2024-02-20T03:51:36","guid":{"rendered":"https:\/\/dnspowerelec.com\/?page_id=3040"},"modified":"2024-02-20T11:43:18","modified_gmt":"2024-02-20T10:43:18","slug":"teste-et-commissioning","status":"publish","type":"page","link":"https:\/\/dnspowerelec.com\/?page_id=3040","title":{"rendered":"Teste et commissioning"},"content":{"rendered":"\t\t<div data-elementor-type=\"wp-page\" data-elementor-id=\"3040\" class=\"elementor elementor-3040\">\n\t\t\t\t\t\t<section class=\"elementor-section elementor-top-section elementor-element elementor-element-513f3405 elementor-section-stretched elementor-section-full_width elementor-section-height-default elementor-section-height-default\" data-id=\"513f3405\" data-element_type=\"section\" data-settings=\"{&quot;stretch_section&quot;:&quot;section-stretched&quot;}\">\n\t\t\t\t\t\t<div class=\"elementor-container elementor-column-gap-no\">\n\t\t\t\t\t<div class=\"elementor-column elementor-col-100 elementor-top-column elementor-element elementor-element-6a57043c\" data-id=\"6a57043c\" data-element_type=\"column\">\n\t\t\t<div class=\"elementor-widget-wrap elementor-element-populated\">\n\t\t\t\t\t\t<div class=\"elementor-element elementor-element-88ff910 elementor-widget elementor-widget-elec_price\" data-id=\"88ff910\" data-element_type=\"widget\" data-widget_type=\"elec_price.default\">\n\t\t\t\t<div class=\"elementor-widget-container\">\n\t\t\t\t\t<!-- Plans Block -->\n\t\t\t\t\t<div class=\"section-indent\">\n\t<div class=\"container\">\n\t\t<div class=\"section-title max-width-01\">\n\t\t\t<div class=\"section-title__01\"><\/div>\n\t\t\t<div class=\"section-title__02\">Teste et commissioning<\/div>\n\t\t\t<div class=\"section-title__03\">\n\t\t\tLorsque l'achevement de l'installation electrique atteint un point ou la pre-mise en service peut commencer sans aucun danger pour l'homme ou la machine, l'installation electrique est presque terminee et les materiaux de test sont mis a disposition de maniere constante et suffisante, a l\u2019aide de commissioning, DNSPOWER ELECTRIC en pre-mise en service supervisera les travaux suivants :\t\t\t<\/div>\n\t\t<\/div>\n\t\t<div class=\"tt-block-marker\">\n\t\t\t<img decoding=\"async\" class=\"bg-marker01 block-marker__obj lazyload\" src=\"https:\/\/dnspowerelec.com\/wp-content\/uploads\/2020\/07\/bg_marker02.png\" data-src=\"https:\/\/dnspowerelec.com\/wp-content\/uploads\/2020\/07\/bg_marker02.png\" alt=\"\">\n\t\t\t<div class=\"tt-layout02-wrapper slick-type01 row\"\n\t\t\t\t\t\t\tdata-slick='{\n\t\t\t\t\t\"slidesToShow\": 3,\n\t\t\t\t\t\"slidesToScroll\": 2,\n\t\t\t\t\t\"autoplaySpeed\": 5000,\n\t\t\t\t\t\"responsive\": [\n\t\t\t\t\t\t{\n\t\t\t\t\t\t\t\"breakpoint\": 1230,\n\t\t\t\t\t\t\t\"settings\": {\n\t\t\t\t\t\t\t\t\"slidesToShow\": 2,\n\t\t\t\t\t\t\t\t\"slidesToScroll\": 2\n\t\t\t\t\t\t\t}\n\t\t\t\t\t\t},\n\t\t\t\t\t\t{\n\t\t\t\t\t\t\t\"breakpoint\": 767,\n\t\t\t\t\t\t\t\"settings\": {\n\t\t\t\t\t\t\t\t\"slidesToShow\": 1,\n\t\t\t\t\t\t\t\t\"slidesToScroll\": 1\n\t\t\t\t\t\t\t}\n\t\t\t\t\t\t}\n\t\t\t\t\t]\n\t\t\t\t\t}'>\n\n\t\t\t\t\t\t\t<div class=\"item col-md-4\">\n\t\t\t\t\t<div class=\"tt-layout02\">\n\t\t\t\t\t\t<div class=\"tt-layout02__icon\">\n\t\t\t\t\t\t\t<span class=\" icon-867257\"><\/span>\n\t\t\t\t\t\t<\/div>\n\t\t\t\t\t\t<div class=\"tt-layout02__title\">\n\t\t\t\t\tTrav\u00e9es HT et cellules MT\t\t\t\t\t\t<\/div>\n\t\t\t\t\t\t<ul class=\"tt-layout02__list\">\n\t\t\t\t\t<li>V\u00e9rification de la filerie et du bon fonctionnement des \u00e9quipements HTB\/BTA<\/li>\n<li>Programmation et r\u00e9ception des protections distance, diff\u00e9rentielle ligne, diff\u00e9rentielle transformateur, MAX I, compl\u00e9mentaire, relais de fr\u00e9quence \u2026<\/li>\n<li>V\u00e9rification des circuits de courant et de tension<\/li>\n\t\t\t\t\t\t<\/ul>\n\t\t\t\t\t\t<hr class=\"tt-layout02__hr\">\n\t\t\t\t\t\t<div class=\"tt-layout02__price\">\n\t\t\t\t\t\t\t\t\t\t\t<\/div>\n\t\t\t\t\t\t<div class=\"tt-layout02__link\">\n\t\t\t\t\t\t\t<a href=\"#\" data-toggle=\"modal\" data-target=\"#modalMakeAppointment\" class=\"tt-link\"><span class=\"icon-arrowhead\"><\/span><\/a>\n\t\t\t\t\t\t<\/div>\n\t\t\t\t\t<\/div>\n\t\t\t\t<\/div>\n\t\t\t\t\t\t\t\t\t<div class=\"item col-md-4\">\n\t\t\t\t\t<div class=\"tt-layout02\">\n\t\t\t\t\t\t<div class=\"tt-layout02__icon\">\n\t\t\t\t\t\t\t<span class=\"fas fa-exchange-alt\"><\/span>\n\t\t\t\t\t\t<\/div>\n\t\t\t\t\t\t<div class=\"tt-layout02__title\">\n\t\t\t\t\tContr\u00f4le-commande et t\u00e9l\u00e9conduite\t\t\t\t\t\t<\/div>\n\t\t\t\t\t\t<ul class=\"tt-layout02__list\">\n\t\t\t\t\t<li>Programmation des syst\u00e8mes contr\u00f4le-commande <\/li>\n<li>Programmation RTU<\/li>\n<li>Programmation PLC<\/li>\n<li>Etablissement de la communication entre IED\/RTU\/ Contr\u00f4le commande\/\nDispatching<\/li>\t\t\t\t\t\t<\/ul>\n\t\t\t\t\t\t<hr class=\"tt-layout02__hr\">\n\t\t\t\t\t\t<div class=\"tt-layout02__price\">\n\t\t\t\t\t\t\t\t\t\t\t<\/div>\n\t\t\t\t\t\t<div class=\"tt-layout02__link\">\n\t\t\t\t\t\t\t<a href=\"#\" data-toggle=\"modal\" data-target=\"#modalMakeAppointment\" class=\"tt-link\"><span class=\"icon-arrowhead\"><\/span><\/a>\n\t\t\t\t\t\t<\/div>\n\t\t\t\t\t<\/div>\n\t\t\t\t<\/div>\n\t\t\t\t\t\t\t\t\t<div class=\"item col-md-4\">\n\t\t\t\t\t<div class=\"tt-layout02\">\n\t\t\t\t\t\t<div class=\"tt-layout02__icon\">\n\t\t\t\t\t\t\t<span class=\" icon-1716894\"><\/span>\n\t\t\t\t\t\t<\/div>\n\t\t\t\t\t\t<div class=\"tt-layout02__title\">\n\t\t\t\t\tCommissioning des postes \u00e9lectriques GIS et AIS\t\t\t\t\t\t<\/div>\n\t\t\t\t\t\t<ul class=\"tt-layout02__list\">\n\t\t\t\t\t<li>Remplissage gaz SF6\n<\/li>\n<li>R\u00e9sistance des contacts<\/li>\n<li>Temps de r\u00e9ponse Encl\/D\u00e9cl\n<\/li>\n<li>Teste et analyse des TP et TC\n<\/li>\n\t\t\t\t\t\t<\/ul>\n\t\t\t\t\t\t<hr class=\"tt-layout02__hr\">\n\t\t\t\t\t\t<div class=\"tt-layout02__price\">\n\t\t\t\t\t\t\t\t\t\t\t<\/div>\n\t\t\t\t\t\t<div class=\"tt-layout02__link\">\n\t\t\t\t\t\t\t<a href=\"#\" data-toggle=\"modal\" data-target=\"#modalMakeAppointment\" class=\"tt-link\"><span class=\"icon-arrowhead\"><\/span><\/a>\n\t\t\t\t\t\t<\/div>\n\t\t\t\t\t<\/div>\n\t\t\t\t<\/div>\n\t\t\t\t\t\t\t\t\t<div class=\"item col-md-4\">\n\t\t\t\t\t<div class=\"tt-layout02\">\n\t\t\t\t\t\t<div class=\"tt-layout02__icon\">\n\t\t\t\t\t\t\t<span class=\" icon-tool\"><\/span>\n\t\t\t\t\t\t<\/div>\n\t\t\t\t\t\t<div class=\"tt-layout02__title\">\n\t\t\t\t\tTransformateur\t\t\t\t\t\t<\/div>\n\t\t\t\t\t\t<ul class=\"tt-layout02__list\">\n\t\t\t\t\t<li>Test d\u2019isolement\n<\/li>\n<li>R\u00e9sistance des enroulements<\/li>\n<li>Rapport transformation\n<\/li>\n<li>Rapport Bushing\n<\/li>\n<\/li>\n<li>Essais en court-circuit\n<\/li>\n<\/li>\n<li>Protections internes\n<\/li>\n<\/li>\n<li>Pr\u00e9l\u00e8vement et Analyse les gaz et l\u2019huile d\u2019isolation\n<\/li>\t\t\t\t\t\t<\/ul>\n\t\t\t\t\t\t<hr class=\"tt-layout02__hr\">\n\t\t\t\t\t\t<div class=\"tt-layout02__price\">\n\t\t\t\t\t\t\t\t\t\t\t<\/div>\n\t\t\t\t\t\t<div class=\"tt-layout02__link\">\n\t\t\t\t\t\t\t<a href=\"#\" data-toggle=\"modal\" data-target=\"#modalMakeAppointment\" class=\"tt-link\"><span class=\"icon-arrowhead\"><\/span><\/a>\n\t\t\t\t\t\t<\/div>\n\t\t\t\t\t<\/div>\n\t\t\t\t<\/div>\n\t\t\t\t\t\t\t\t\t<div class=\"item col-md-4\">\n\t\t\t\t\t<div class=\"tt-layout02\">\n\t\t\t\t\t\t<div class=\"tt-layout02__icon\">\n\t\t\t\t\t\t\t<span class=\"fas fa-car-battery\"><\/span>\n\t\t\t\t\t\t<\/div>\n\t\t\t\t\t\t<div class=\"tt-layout02__title\">\n\t\t\t\t\tAuxiliaires\t\t\t\t\t\t<\/div>\n\t\t\t\t\t\t<ul class=\"tt-layout02__list\">\n\t\t\t\t\t<li>Test de d\u00e9charge tous types des batteries\n<\/li>\n<li>R\u00e9ception des batteries 127 Vcc et 48 Vcc<\/li>\n<li>TV\u00e9rification des boucles d\u2019alimentation en continu et alternatif\n<\/li>\n<li>R\u00e9ception des groupes \u00e9lectrog\u00e8nes pour toutes les gammes\n<\/li>\n\t\t\t\t\t\t<\/ul>\n\t\t\t\t\t\t<hr class=\"tt-layout02__hr\">\n\t\t\t\t\t\t<div class=\"tt-layout02__price\">\n\t\t\t\t\t\t\t\t\t\t\t<\/div>\n\t\t\t\t\t\t<div class=\"tt-layout02__link\">\n\t\t\t\t\t\t\t<a href=\"#\" data-toggle=\"modal\" data-target=\"#modalMakeAppointment\" class=\"tt-link\"><span class=\"icon-arrowhead\"><\/span><\/a>\n\t\t\t\t\t\t<\/div>\n\t\t\t\t\t<\/div>\n\t\t\t\t<\/div>\n\t\t\t\t\t\t   \n\t\t\t<\/div>\n\t\t<\/div>\n\t<\/div>\n\t\t\t\t\t\t\t\t<\/div>\n\t\t\t\t<\/div>\n\t\t\t\t\t<\/div>\n\t\t<\/div>\n\t\t\t\t\t<\/div>\n\t\t<\/section>\n\t\t\t\t<\/div>\n\t\t","protected":false},"excerpt":{"rendered":"<p>Teste et commissioning Lorsque l&#8217;achevement de l&#8217;installation electrique atteint un point ou la pre-mise en service peut commencer sans aucun danger pour l&#8217;homme ou la machine, l&#8217;installation electrique est presque terminee et les materiaux de test sont mis a disposition de maniere constante et suffisante, a l\u2019aide de commissioning, DNSPOWER ELECTRIC en pre-mise en service [&hellip;]<\/p>\n","protected":false},"author":1,"featured_media":0,"parent":0,"menu_order":0,"comment_status":"closed","ping_status":"closed","template":"","meta":{"footnotes":""},"class_list":["post-3040","page","type-page","status-publish","hentry"],"_links":{"self":[{"href":"https:\/\/dnspowerelec.com\/index.php?rest_route=\/wp\/v2\/pages\/3040","targetHints":{"allow":["GET"]}}],"collection":[{"href":"https:\/\/dnspowerelec.com\/index.php?rest_route=\/wp\/v2\/pages"}],"about":[{"href":"https:\/\/dnspowerelec.com\/index.php?rest_route=\/wp\/v2\/types\/page"}],"author":[{"embeddable":true,"href":"https:\/\/dnspowerelec.com\/index.php?rest_route=\/wp\/v2\/users\/1"}],"replies":[{"embeddable":true,"href":"https:\/\/dnspowerelec.com\/index.php?rest_route=%2Fwp%2Fv2%2Fcomments&post=3040"}],"version-history":[{"count":24,"href":"https:\/\/dnspowerelec.com\/index.php?rest_route=\/wp\/v2\/pages\/3040\/revisions"}],"predecessor-version":[{"id":3174,"href":"https:\/\/dnspowerelec.com\/index.php?rest_route=\/wp\/v2\/pages\/3040\/revisions\/3174"}],"wp:attachment":[{"href":"https:\/\/dnspowerelec.com\/index.php?rest_route=%2Fwp%2Fv2%2Fmedia&parent=3040"}],"curies":[{"name":"wp","href":"https:\/\/api.w.org\/{rel}","templated":true}]}}